 0 = -2*y - f + 2*f + h. What is the units digit of y?
6
Let j(o) be the third derivative of -o**5/30 - o**4/24 + o**3/2 + 2*o**2. Let w be j(3). What is the units digit of (-1)/(-2) + w/(-4)?
5
Let g = 150 - 65. What is the tens digit of g?
8
Suppose 7*h - 13 = 6*h. What is the units digit of h?
3
Suppose -803 = -5*c + 107. What is the hundreds digit of c?
1
Let v(y) be the first derivative of -15*y**2/2 + y - 2. Let u be v(-1). Let w = u - 11. What is the units digit of w?
5
What is the tens digit of 4 + -1 + 16 + 9?
2
Suppose -14 = -3*m + 13. What is the units digit of m?
9
Suppose -2*j = 4*c - 119 - 95, -4*j - 4*c + 408 = 0. Let l = j + -37. Suppose -t + l = 4*t. What is the units digit of t?
2
Suppose a - 26 = -2*h, 5*a + 2*h + 2*h = 148. Suppose 5*x + 22 = 4*f, -2*x = 3*f + 2*x - a. What is the units digit of f?
8
Let y = 21 - 15. Suppose q = y*q - 15. Suppose -q*d - 2*a - 1 = -20, -8 = 2*a. What is the units digit of d?
9
Let k(a) = -a**3 + 5*a**2 - 3*a + 3. Let h be k(3). Suppose 21 = 2*u - 0*j + j, 0 = -4*u + 4*j + h. What is the units digit of u?
8
Suppose 2*m + 59 = 5*j, -2*j + j - 2 = -5*m. Let h = -8 + j. What is the units digit of h?
5
Suppose 2 = a, -2*l - 2*l + 4*a + 244 = 0. What is the tens digit of l?
6
Suppose 0 = -3*j - 2*j + 15. Suppose 0 = j*n - 19 - 17. What is the tens digit of n?
1
What is the tens digit of 2/1*7*3/3?
1
Let m = 24 - 3. Suppose 4*y = -2*b - 3*b + m, 4*b + 2*y = 18. What is the units digit of b?
5
What is the units digit of (-140)/(-6) + 6/9?
4
Let f(a) = -a**2 - 9*a + 1. Let w(v) = v**3 - 7*v**2 + 5*v - 1. Let g be w(6). What is the units digit of f(g)?
5
Suppose -2*j + 8 = 2. Suppose 3*x + j = 9. What is the units digit of (-4 + 9)/(2/x)?
5
Let d = -18 - -13. What is the units digit of (-6)/2 - (d - 2)?
4
Let d = -14 - -16. What is the units digit of (-1 + d)/(3/6)?
2
Let o = -8 - -8. Suppose 18 = 5*n - 4*n + 3*h, o = 3*h + 9. Suppose 3*q = -0*a + 5*a + n, 5*q = -5*a + 5. What is the units digit of q?
4
Let k(u) = -u**3 + 3*u**2 - 2*u + 3. Let o be k(2). Let z = 1 + o. Suppose z*w = 5*x + 15 + 20, 0 = w - x - 8. What is the units digit of w?
5
Suppose 2*a - 6 = -0*a. Let r = a + 2. Suppose -2*c = -r*n - 32, -2*c - n + 20 = -0. What is the tens digit of c?
1
What is the tens digit of ((-10)/8)/(1/(-52))?
6
Suppose 3*h = -3*l + 2*l + 11, 0 = -3*l - 4*h + 18. Suppose l*g - g = -5*j - 28, g = -j - 12. Let f = g + 10. What is the units digit of f?
2
Suppose 0 = -w - 3*w. Suppose w = -2*s + 3*s - 4. Suppose s*p - g = -0*p + 19, -3*p - 3*g + 3 = 0. What is the units digit of p?
4
Let k(n) = -14*n - 3. Let m(s) = -7*s - 1. Let j(z) = 2*k(z) - 5*m(z). Let g be j(-8). What is the units digit of 1/(-2) - g/6?
9
What is the units digit of 4 - (-4 + 3) - -3?
8
Suppose 0 = 2*w + 2*f + 14, f + 8 + 7 = -2*w. Let u = -4 - w. Suppose u*d - 6 = d. What is the units digit of d?
2
Let w(h) = h**3 + 6*h**2 - 7*h - 9. What is the units digit of w(-4)?
1
Let i(j) = -j**2 + 6*j - 5. Let z be i(4). Suppose 0 = -z*f - 5*b + 122, 0 = 3*f + 2*f + 4*b - 212. Suppose -5*o + f = 4. What is the units digit of o?
8
Let o = 93 - 61. What is the tens digit of o?
3
Let o(p) be the second derivative of p**5/20 + 7*p**4/12 - 5*p**3/3 - 4*p**2 + p. What is the units digit of o(-8)?
8
Let k = 184 - 110. Suppose 0 = 3*z + 3*c - 54, -5*c = -2*z + k - 3. What is the tens digit of z?
2
What is the tens digit of (3 + -1 + 2)*7?
2
Let s be 1*-1*(-4 - -5). Let c = 1 - s. Suppose -c*j - 21 = -5*j. What is the units digit of j?
7
Let n be ((-2)/(-5))/((-1)/(-5)). Let a = n + -1. Suppose 0 = d - 8 - a. What is the units digit of d?
9
Let z be ((-2)/4)/((-2)/12). Let h be 2 + z/(-6 - -3). What is the units digit of h + (-1)/(-4 + 3)?
2
Let d = -18 + 29. Let o(u) = 16*u**3 - 15*u**2 - 15*u - 5. Let j(h) = 3*h**3 - 3*h**2 - 3*h - 1. Let p(r) = d*j(r) - 2*o(r). What is the units digit of p(4)?
3
Let g(p) = -p**3 - 18*p**2 - 19*p - 24. What is the units digit of g(-17)?
0
Suppose 4*h = 5*h - 2. Let l(k) = -1 - k**3 - 1 - h*k**2 + 3*k**3. What is the units digit of l(2)?
6
Suppose 3*i = 2*a - 169, 77 = a + i - 0*i. What is the units digit of a?
0
Suppose 46 + 378 = -4*m. Let q = -51 - m. What is the units digit of q?
5
Let j(v) = 8*v + 5. Let l be j(4). Let n = 87 - l. Suppose -w - n = -6*w. What is the tens digit of w?
1
What is the tens digit of 347/7 + (-30)/(-70)?
5
Let p = -10 + 11. What is the units digit of 9/4*p*12?
7
Let g be (1 - 7)*12/8. Let j(a) = 2*a + 13. Let h be j(g). Let i = h + 6. What is the units digit of i?
1
Let m = -119 + 185. What is the units digit of m?
6
Suppose 5*p = -m + 21, 2*m + 14 = 2*p + m. Suppose -4*r - p*s = -128, -6*r - 5*s - 57 = -7*r. What is the units digit of r?
7
Suppose -4*x + 803 = -41. What is the units digit of x?
1
Let k be 1/2*(-1 - -1). Suppose 6*p = -6*p + 6*p. Suppose k*f - 3*f + 6 = p. What is the units digit of f?
2
Let b be 5/20 + 41/(-4). Let o(f) = f**2 + 10*f + 7. What is the units digit of o(b)?
7
Suppose -20 = 4*x - 8, -34 = -5*r + 3*x. Suppose 4*w - 11 = r. Let u = w + 3. What is the units digit of u?
7
Let z(j) = -j + 10. Let h be z(9). Let k(g) = -2 - h + 6 - g + 4. What is the units digit of k(5)?
2
Let f be (0 + 1)/((-7)/(-28)). Suppose 5*d - 2*p - 22 = 3*d, 2*d + f*p - 28 = 0. What is the units digit of d?
2
Let o be -3 + (17 - -3 - 1). Suppose 2*d - 46 = -4*x - o, 0 = 3*d - 2*x - 13. What is the units digit of d?
7
Let a(y) = 4*y**2 + 4*y - 4. What is the tens digit of a(4)?
7
Let r(o) = -o + 1 + 2 - 3*o. Let s be r(-4). Suppose s = -2*k + 5*z, -5*z - 10 = -k - 32. What is the units digit of k?
3
Let z(g) = -g + 11. Let b be z(8). Suppose 4*q = 12, 5*u - 2*q - b*q = 10. What is the units digit of u?
5
Suppose 4*t = 5*z + 1 + 5, -7 = 3*t + 2*z. What is the units digit of (-1 - -4)/(2 + t)?
3
Let s(q) = 8*q**2 - 2*q - 1. Let h be s(-1). Let t be (6/h)/(2/6). What is the units digit of (10 - t)*(-2)/(-4)?
4
Suppose 5*j = n - 4, -j - 2*j = 15. Let r = n - -26. What is the units digit of r?
5
What is the tens digit of -6*((-80)/(-3))/(-4)?
4
Let k be 3*((-3)/(-3))/1. Suppose -5*j + 24 = -3*f, 0 = k*j + 5*f - 3*f - 3. Suppose 6 = j*z - 3. What is the units digit of z?
3
Let r(d) = d**3 + 4*d**2 + 2*d - 1. Let w be r(-2). Suppose 2*i = -w*i + 25. Suppose -i*c + 7*c = 2. What is the units digit of c?
1
Let t = 159 + -7. What is the units digit of t?
2
Let t(a) be the first derivative of a**3/3 + 7*a**2/2 - 9*a + 4. What is the units digit of t(-9)?
9
Suppose 134 + 1 = 5*h. What is the tens digit of h?
2
What is the hundreds digit of ((-40)/6)/(3 + -5)*45?
1
Let r = 23 - 19. What is the units digit of r?
4
Let h be 4 + -39 + 1 + 1. Let u = 50 - 142. What is the units digit of u/(-22) + 6/h?
4
Suppose 0 = -m - 19 + 24. What is the units digit of m?
5
Suppose c = 3*t - 1 - 7, t = -c. What is the tens digit of (21 - -2)*(-1 + t)?
2
Suppose 14 + 12 = 2*i - 5*g, 5*i - 11 = -g. Suppose 7 = i*f - h, 0 = 2*f - 5*h - 8 - 14. What is the units digit of f?
1
Suppose 0 = q + 2 - 6. Suppose 0 = -q*m + 8*m - 24. What is the units digit of m?
6
Suppose u - r - 7 = -0, -4*u + 12 = 4*r. What is the units digit of u?
5
Suppose m = -m - 18. What is the tens digit of ((-3)/(-1))/(m/(-45))?
1
Let g(n) = n**3 + 6*n**2 + 4*n + 1. What is the units digit of g(-5)?
6
Let p = 6 - -6. Let z = 5 + -1. Suppose z*v - p - 8 = 0. What is the units digit of v?
5
Suppose 4*h = 2*h + 86. What is the units digit of h?
3
Let f be (-2)/(-5) - (-248)/(-20). Let o = -6 - f. Let i = o + -1. What is the units digit of i?
5
Suppose -4*a - 3*d = -d - 146, 4*d - 156 = -4*a. What is the tens digit of a?
3
Let v(n) = 3*n + 11. What is the units digit of v(4)?
3
Suppose 0 - 9 = s. Let g(a) = a**3 + 9*a**2 + 9. What is the units digit of g(s)?
9
Suppose 0 = 3*u - u - 28. What is the units digit of u?
4
Let x(q) = -q. Let n(l) = -8*l + 2. Let f(s) = -n(s) + 5*x(s). What is the tens digit of f(10)?
2
Let g(k) = -k**2 - 3*k - 4. Let b(i) = -1. Let t(x) = 4*b(x) - g(x). Let a = 2 + -6. What is the units digit of t(a)?
4
Suppose 196 = 2*r + 10. What is the units digit of r?
3
Suppose -8*v + 88 = -112. What is the tens digit of v?
2
Let r(o) be the third derivative of o**5/60 + o**4/12 - 5*o**3/3 - 3*o**2. What is the units digit of r(-6)?
4
Let d(c)